637 a multiple of 121?
True
Is 137 a factor of 86686443?
False
Does 13 divide 16301402?
True
Does 50 divide 17292252?
False
Is 470 a factor of 405539030?
True
Does 8 divide 60337999?
False
Is 11243346 a multiple of 1205?
False
Does 8 divide 893477344?
True
Does 417 divide 189864270?
True
Is 492 a factor of 63778452?
True
Does 297 divide 9806643?
True
Does 1247 divide 310919623?
False
Does 79 divide 34845162?
True
Is 82214723 a multiple of 54?
False
Is 514 a factor of 87966756?
False
Is 7262024 even?
True
Is 169 a factor of 29662880?
True
Is 139 a factor of 6512285?
False
Is 134276640 a multiple of 48?
True
Is 133 a factor of 26397973?
True
Is 47 a factor of 858488400?
False
Does 101 divide 12236188?
False
Is 1149326061 a multiple of 71?
True
Does 3147 divide 269040177?
True
Is 1892079504 a multiple of 681?
True
Is 293 a factor of 71039754?
False
Does 1800 divide 92509200?
True
Does 307 divide 149785914?
True
Does 723 divide 477933221?
False
Is 2090 a factor of 207860950?
True
Is 34 a factor of 3230656697?
False
Is 3 a factor of 421171103?
False
Does 8 divide 952783608?
True
Does 4746 divide 6184449?
False
Is 8 a factor of 25721848?
True
Is 2464 a factor of 34318592?
True
Is 7 a factor of 224854503?
False
Is 301750856 a multiple of 2392?
False
Is 807 a factor of 405087369?
True
Is 103657452 a multiple of 215?
False
Is 803286477 a multiple of 4347?
True
Is 70215837 a multiple of 298?
False
Does 19 divide 146813456?
True
Is 85460952 a multiple of 1032?
True
Is 7081062 a multiple of 113?
False
Does 773 divide 322557993?
False
Does 3 divide 867835504?
False
Is 147 a factor of 38512047?
False
Does 36 divide 14959764?
True
Is 20286630 a multiple of 14?
True
Is 121 a factor of 92029696?
True
Is 1243911981 a multiple of 39?
True
Is 240120359 a multiple of 983?
True
Does 229 divide 65521237?
False
Is 1143695436 a multiple of 12?
True
Is 19 a factor of 353391182?
False
Does 96 divide 47703264?
True
Is 1418463613 a multiple of 16?
False
Is 2495 a factor of 361206140?
True
Does 5 divide 102867880?
True
Is 13 a factor of 314055209?
True
Is 30469311 a multiple of 617?
True
Is 165750526 a multiple of 32?
False
Does 900 divide 18602100?
True
Does 791 divide 728041937?
True
Is 208956459 a multiple of 1019?
False
Is 16709415 a multiple of 215?
False
Is 182 a factor of 36572354?
True
Is 363 a factor of 74699955?
True
Is 16297112 a multiple of 26?
True
Is 12 a factor of 854413125?
False
Does 33 divide 4382858337?
True
Is 393 a factor of 190215930?
True
Is 157586 a multiple of 209?
True
Does 19 divide 3584310739?
False
Does 3277 divide 1597920346?
False
Does 35 divide 35799785?
True
Is 55 a factor of 108303305?
True
Is 132912276 a multiple of 2954?
True
Is 63 a factor of 199788750?
True
Does 32 divide 288232096?
True
Does 7 divide 6767680?
False
Does 14 divide 936552008?
True
Is 2944624499 a multiple of 13?
False
Does 57 divide 14685582?
False
Does 2009 divide 294103537?
True
Is 12291362 a multiple of 13?
False
Is 14350375 a multiple of 125?
True
Is 260 a factor of 30278820?
True
Does 151 divide 10238102?
True
Is 22014865 a multiple of 2957?
True
Is 17 a factor of 100478432?
True
Is 4 a factor of 12836968?
True
Does 726 divide 23753268?
True
Is 259467727 a multiple of 105?
False
Is 75873731 a multiple of 570?
False
Does 156 divide 77681698?
False
Is 623 a factor of 277297661?
False
Is 4135 a factor of 482822341?
False
Is 389 a factor of 24396639?
False
Is 19 a factor of 81543059?
False
Is 41504952 a multiple of 24?
True
Does 13 divide 268541?
True
Does 456 divide 141863671?
False
Is 380 a factor of 26588600?
True
Is 1614978416 a multiple of 244?
True
Is 37 a factor of 112348720?
False
Does 11 divide 22908369?
True
Does 17 divide 763677706?
True
Is 9171578 a multiple of 189?
False
Is 285538186 a multiple of 5986?
True
Does 8 divide 179569752?
True
Is 26 a factor of 15378089?
False
Is 17 a factor of 33728527?
True
Is 55 a factor of 87623271?
False
Does 506 divide 47314036?
True
Does 234 divide 31645420?
False
Does 8 divide 8064396?
False
Is 250839715 a multiple of 7?
True
Does 111 divide 127728366?
True
Is 17202942 a multiple of 27?
True
Does 1080 divide 103186440?
True
Is 138438880 a multiple of 149?
True
Is 2995884 a multiple of 6?
True
Is 39 a factor of 4195553?
False
Is 222837870 a multiple of 3485?
True
Is 32 a factor of 83249472?
True
Is 467 a factor of 360937904?
False
Is 41 a factor of 1647434202?
True
Is 25 a factor of 1425339445?
False
Is 63413783 a multiple of 32?
False
Does 117 divide 91555121?
False
Does 6 divide 65778108?
True
Does 601 divide 11661804?
True
Is 1883479163 a multiple of 4601?
True
Does 237 divide 1294754389?
False
Does 44 divide 4512420?
True
Is 1142258082 a multiple of 42?
True
Is 69871667 a multiple of 790?
False
Does 310 divide 1436111580?
True
Is 547813474 a multiple of 221?
True
Does 6 divide 68499252?
True
Is 256 a factor of 615255048?
False
Is 179 a factor of 83836798?
True
Does 814 divide 49186764?
True
Is 164 a factor of 252521708?
False
Does 1931 divide 568971081?
True
Does 97 divide 700560135?
False
Is 319 a factor of 1062136936?
False
Is 321 a factor of 64614732?
True
Is 32847536 a multiple of 34?
True
Is 3391 a factor of 177220056?
False
Is 103522072 a multiple of 856?
True
Does 317 divide 629141341?
True
Is 703034765 a multiple of 341?
False
Is 5 a factor of 3466381?
False
Is 137496588 a multiple of 428?
False
Does 62 divide 359767766?
False
Is 821 a factor of 860099304?
True
Does 9 divide 110974338?
True
Is 102 a factor of 593557380?
True
Is 5 a factor of 312799044?
False
Is 13 a factor of 59547131?
False
Is 52 a factor of 151746192?
True
Is 135201310 a multiple of 25?
False
Does 71 divide 91500003?
False
Is 987783946 a multiple of 277?
False
Is 439194132 a multiple of 487?
True
Is 8 a factor of 40656063?
False
Is 11 a factor of 2683458367?
False
Does 120 divide 68128200?
True
Is 732486 a multiple of 129?
False
Does 32 divide 1263067670?
False
Does 2 divide 1541015?
False
Does 95 divide 48549815?
False
Does 73 divide 851210618?
False
Is 1154 a factor of 27927131?
False
Is 89 a factor of 96425155?
False
Is 561 a factor of 15418800?
False
Is 69 a factor of 55213455?
True
Is 5 a factor of 5539470?
True
Is 66 a factor of 46257552?
True
Is 255 a factor of 25363199?
False
Does 241 divide 1714067915?
True
Is 874799037 a multiple of 481?
False
Is 23 a factor of 110463718?
False
Is 13 a factor of 1402452373?
False
Is 44123325 a multiple of 385?
False
Is 82039372 a multiple of 112?
False
Is 2082 a factor of 80044952?
False
Is 35202063 a multiple of 10?
False
Is 51084819 a multiple of 337?
True
Does 222 divide 546036750?
True
Is 204 a factor of 148754964?
True
Does 5913 divide 2780659206?
True
Does 602 divide 6874862?
False
Is 290038891 a multiple of 179?
True
Is 349 a factor of 206767476?
False
Is 1669087375 a multiple of 7513?
False
Is 17616276 a multiple of 796?
True
Does 435 divide 20432243?
False
Does 675 divide 352111050?
True
Is 207683925 a multiple of 9?
False
Does 38 divide 3819074100?
True
Is 366 a factor of 106888470?
True
Does 3029 divide 24580335?
True
Does 278 divide 2707445058?
True
Does 1554 divide 438746596?
False
Is 43647840 a multiple of 816?
True
Is 167850665 a multiple of 28?
False
Is 14 a factor of 82782966?
True
Does 244 divide 22457380?
False
Is 1049079315 a multiple of 37?
True
Is 2200 a factor of 206421600?
True
Does 278 divide 17673572?
True
Is 2356 a factor of 343612842?
False
Is 28 a factor of 215648244?
True
Is 129222110 a multiple of 2857?
True
Is 35 a factor of 614678925?
True
Is 23 a factor of 636791551?
False
Is 217 a factor of 19872514?
False
Is 1336 a factor of 60767960?
True
Does 183 divide 3811915?
False
Does 87 divide 16992666?
True
Is 2118303819 a multiple of 459?
True
Is 1281767136 a multiple of 8814?
True
Is 5 a factor of 3038595?
True
Does 985 divide 65417693?
False
Does 100 divide 94810528?
False
Does 16 divide 4332386?
False
Is 45555048 a multiple of 747?
True
Does 896 divide 402080667?
False
Is 101753910 a multiple of 3870?
True
Does 63 divide 127732591?
False
Is 105 a factor of 15125471?
False
Does 6 divide 911857812?
True
Is 565283383 a multiple of 1646?
False
Does 2799 divide 61132959?
True
Is 49608974 a multiple of 322?
False
Is 1379832948 a multiple of 169?
True
Is 3041055 a mult